/(-8)). What is the greatest common factor of 10 and n?
10
Let o be ((-28288)/(-51))/(1/(-6)*-4). Calculate the highest common divisor of 286 and o.
26
Suppose -2*u + 6*u = 12*u - 18224. What is the highest common factor of 34 and u?
34
Let i = 8029 - 7994. What is the greatest common divisor of i and 405?
5
Suppose 2*a - 386 = -y, -211 = 4*y - 243. Let s(z) = -z**2 + 5*z + 7. Let c be s(5). What is the greatest common factor of c and a?
7
Let s be -3 - -283*(-8)/(-8). Let o(v) = v**3 - v**2 + v + 105. Let m be o(0). What is the greatest common divisor of s and m?
35
Let r(j) = -2*j**3 - j**2 - j + 2. Let m be r(1). Let h = 4 + m. Let i be (-18)/((1/2)/(h/(-4))). Calculate the highest common factor of i and 198.
18
Let n(j) = j**2 - 3*j + 4. Let s be n(0). Suppose -5*h + 96 + 117 = -s*f, 10 = -5*f. Calculate the highest common divisor of h and 697.
41
Let j = 1268 + 2204. Calculate the highest common divisor of j and 56.
56
Suppose -173*z = 5*d - 178*z - 495, -2*d + 4*z = -186. Calculate the highest common divisor of d and 455.
35
Let j be ((-8)/20)/((-2)/(-10)) + 44. Suppose -j = -7*k + 77. Let w = 39 - k. Calculate the greatest common factor of w and 11.
11
Suppose 4*c - 236 = -76. Suppose -3*p + c = a, 5*p + 58 = 3*a - a. Calculate the highest common factor of a and 238.
34
Let n(o) = 27*o - 619. Let y be n(25). What is the highest common divisor of 7 and y?
7
Suppose -2*j - 1 + 27 = 5*g, -5*j + 2*g + 65 = 0. Suppose -j*m = -1451 - 4204. What is the highest common divisor of m and 15?
15
Let o = 96 + -96. Let d(v) be the third derivative of -v**4/3 + 17*v**3/6 + 11*v**2. Let s be d(o). Calculate the greatest common divisor of s and 119.
17
Suppose 23*f - 13 = 33. Let z be (-20)/(-40) + 61/f. What is the highest common factor of z and 341?
31
Let y be ((-9)/2)/(-9) - (35172/(-8) - 3). What is the highest common factor of y and 66?
22
Let w = -16 - -19. Let n be 4 + 2*w/18*-3. Suppose n*y - 4*m + 6 = -m, 4*m - 14 = 2*y. Calculate the greatest common factor of y and 57.
3
Let m be 8/(-6) - 9/((-135)/1700). Suppose -2*k = -2*f + 8, 10 = -3*k + k. Let d = f - -17. Calculate the highest common factor of d and m.
16
Let k(v) = 11025*v + 308. Let f be k(0). Let p be 1/(-2) - (-57)/2. What is the greatest common divisor of f and p?
28
Let q = 94144 - 54491. Calculate the highest common divisor of q and 19.
19
Suppose -f + 14 = 10. Suppose 0 = f*n - d - 329, 0*d + 4*d = -4*n + 304. Let g = 116 + -62. Calculate the highest common divisor of n and g.
27
Suppose 2*r - 13 = -3*y, -4*y = -2*r - 806 + 826. Calculate the greatest common divisor of 24392 and r.
8
Let d = 18938 + -18882. Suppose 5*l - 134 = 426. What is the highest common factor of d and l?
56
Let x be 145 + (-4 - -1)/3. Let v = -3 + 11. Suppose -416 = -v*h + x. Calculate the highest common factor of h and 10.
10
Suppose 2*r + 120 = 225*i - 223*i, -5*i - r + 312 = 0. Calculate the highest common factor of 310 and i.
62
Suppose -2*j - 2*x = -26 - 82, -2*j = -3*x - 138. What is the highest common factor of 110 and j?
10
Suppose 0 = 2*l - 3*u - 9727, l + 1329 = -u + 6175. What is the highest common factor of l and 207?
23
Suppose 102*r - 1686 = 96*r. Suppose 0 = -n - r + 344. Calculate the greatest common factor of 35 and n.
7
Suppose 4*k = -15 + 79. Suppose 4*r - 18 = -2*d, -4 + 10 = 3*r - d. Suppose -84 = -a + l, -2*a + 60 = r*l - 88. Calculate the highest common divisor of a and k.
16
Let m(u) = 7*u**2 - 12*u - 270. Let q be m(35). What is the greatest common divisor of 95 and q?
95
Suppose 86 = c - 5*w, -517*c + 2*w + 74 = -516*c. What is the greatest common factor of c and 242?
22
Let a be (-21 - (-406)/(-28))/((-1)/(-2) - 1). What is the highest common divisor of a and 24069?
71
Let m = 1176 + -1110. Let h be (4 + -3)/((-3)/132*-1). What is the greatest common divisor of m and h?
22
Suppose 0 = 2*c - 2*p - 20588, 3813*c - 10278 = 3812*c - 3*p. What is the greatest common divisor of c and 45?
15
Let h(c) = 51*c**2 - 3*c + 64. Let g be h(12). What is the highest common divisor of 97 and g?
97
Suppose 18*m = 14*m + 4. Let k be (3 + 2 - 4)*7*m. Let c = k + 19. Calculate the highest common factor of 65 and c.
13
Let h be ((-8)/(-40) + (-67)/(-15))*(-24)/(-1). What is the highest common factor of 928 and h?
16
Suppose 0 = 5*i - 2*i + 15, 15 = 2*z + 3*i. Let f = 129 - 124. Suppose 2*w = -2*w + f*g + 65, -4*w = 5*g - z. What is the greatest common factor of w and 80?
10
Suppose 0 = -5*h - 0*f + 2*f + 47, -4*f = 5*h - 41. Let v = -435 - -401. Let g be ((-12)/(-10))/(v/(-425)). What is the greatest common divisor of g and h?
3
Let y be (10246 - (36/3 - (-13 + 19))) + 2. Calculate the highest common divisor of 18 and y.
18
Suppose -5*c + 240 = -p, 0 = c + 23*p - 27*p - 67. Suppose -46*y = -c*y + 407. What is the greatest common factor of 37 and y?
37
Let v(t) = -306*t + 253. Let u be v(-9). Calculate the greatest common divisor of u and 485.
97
Let o(p) = -p**3 + 7*p**2 - 22*p + 124. Let k be o(6). Let y(v) = 3*v + 4. Let l be y(-5). Let x = k + l. What is the greatest common factor of x and 68?
17
Suppose 44*i - 33771 = 4245. What is the highest common divisor of 108 and i?
108
Let r be ((-279)/155 - (-8)/10)*0. Suppose r = 4*x - 3*j - 44, 2*x - 20 = -2*j + 2. Calculate the greatest common divisor of 275 and x.
11
Let l = 40 - 40. Let p(r) = -r**3 - r**2 + 15. Let n be p(l). Suppose 12*f - n*f = -6. What is the greatest common factor of f and 2?
2
Suppose 0*g - 6*g = 5*g. Let q be (35/7 - -91) + g + 3. Let m = 4 - -5. Calculate the greatest common divisor of q and m.
9
Suppose -23*s + 615 = -22*s. Let l = s - 601. Calculate the highest common factor of l and 266.
14
Let l be -7 - -7 - 5 - -44. Let t = 1 + -8. Let w = t + l. What is the greatest common divisor of w and 2?
2
Suppose s - 2*s = -3*z + 37, 3*s + 46 = 4*z. Let w be 20 - (-30)/(z + -7). What is the greatest common factor of w and 1175?
25
Let g be ((-60)/405)/((-2)/(-3)) + 775/45. What is the greatest common factor of g and 2057?
17
Let l = -145 - -159. Let t = -46 - -158. Calculate the highest common factor of t and l.
14
Suppose -98*s - 13250 = -151*s. Calculate the greatest common divisor of s and 100.
50
Let z be (-4)/(2 - (-621)/(-306)). Suppose -121 = -2*l + 3*i + 15, -z = -2*l - 4*i. Calculate the greatest common factor of 34 and l.
34
Suppose -8*x = -134 + 118. Let p be x*(25 - 0/6). Calculate the greatest common factor of 600 and p.
50
Let f = -1154 + 1616. Let j be (f/30 + -6)*5. Calculate the greatest common factor of 611 and j.
47
Let r(u) = -u**2 + 28*u + 66. Let x be r(27). Suppose -16*k = -x - 131. What is the highest common factor of k and 4?
2
Suppose -5*n = 2*o - 169, -o = -n - 146 + 51. What is the highest common divisor of o and 8188?
92
Suppose 3*u - 3*d - 1459 = -u, -u = 5*d - 359. Suppose 5*a = 54 - u. Let s = 93 + a. What is the highest common factor of 62 and s?
31
Suppose 4*i - 3 = 49. Let l be 2244/16 + 2/(-8)*1. Suppose -3*z + i*z - l = 0. Calculate the highest common factor of 21 and z.
7
Suppose -5*r = -5*o, 8*r = -2*o + 12*r. Let n be (o + 24)*(-7)/((-14)/16). Calculate the greatest common divisor of 256 and n.
64
Suppose -364*g - 3*m = -366*g + 145, 5*g - 335 = 2*m. Let a be ((-52)/5)/((-4)/30). Calculate the greatest common divisor of g and a.
13
Let x(t) = -2*t**2 + 131*t - 53. Let w be x(65). Let p be (-1)/(-8)*6*8. What is the highest common factor of p and w?
6
Suppose -10*l - 31 = 19. Let u(a) = -a**3 - 3*a**2 + 9*a - 5. Let g be u(l). Let s be (43 - g) + 2/(-2). Calculate the greatest common factor of s and 105.
21
Let g(i) = 7*i + 131. Let h be g(-20). Let y be (-2 - 12/(-9))/(h/2970). Calculate the highest common divisor of y and 132.
44
Let l be 3*2/((-30)/(-415)). Let y = -58 + l. Suppose 4*h = -2*r + 120, -2*r + 125 = r - 5*h. What is the highest common factor of y and r?
25
Suppose 0*g + 3 = g. Suppose 0*v + g*v - 268 = -4*a, 0 = -3*a - 15. Let h be (-1 + 2 + -3)*-16. What is the greatest common factor of h and v?
32
Let s = -8291 - -8588. Calculate the greatest common divisor of s and 429.
33
Let c be 25 - (-5 + (-12)/(-4)). Let i = -2005 + 2545. Calculate the greatest common factor of c and i.
27
Suppose 6*l + 43 - 313 = 0. Calculate the greatest common factor of 1425 and l.
15
Suppose 77